 digit of 11753956?
7
What is the thousands digit of 8794?
8
What is the units digit of 62874?
4
What is the tens digit of 143360?
6
What is the hundred thousands digit of 325303?
3
What is the thousands digit of 4555513?
5
What is the ten thousands digit of 50877?
5
What is the units digit of 302569?
9
What is the ten thousands digit of 506432?
0
What is the units digit of 1040504?
4
What is the hundreds digit of 3505359?
3
What is the millions digit of 25603428?
5
What is the hundred thousands digit of 2324673?
3
What is the tens digit of 62696?
9
What is the millions digit of 23969798?
3
What is the hundreds digit of 4023685?
6
What is the thousands digit of 899430?
9
What is the units digit of 375658?
8
What is the tens digit of 2187749?
4
What is the thousands digit of 4322492?
2
What is the hundreds digit of 2677694?
6
What is the millions digit of 1885706?
1
What is the hundred thousands digit of 13615980?
6
What is the hundreds digit of 7250194?
1
What is the units digit of 641310?
0
What is the hundred thousands digit of 1128040?
1
What is the ten thousands digit of 7916776?
1
What is the ten thousands digit of 304858?
0
What is the tens digit of 70400?
0
What is the hundreds digit of 4507944?
9
What is the tens digit of 266033?
3
What is the hundreds digit of 266825?
8
What is the units digit of 1625702?
2
What is the hundreds digit of 359216?
2
What is the ten thousands digit of 569484?
6
What is the hundred thousands digit of 16217278?
2
What is the ten thousands digit of 1713222?
1
What is the tens digit of 1210504?
0
What is the hundreds digit of 5226022?
0
What is the hundreds digit of 2175832?
8
What is the ten thousands digit of 2186288?
8
What is the ten thousands digit of 890012?
9
What is the millions digit of 14155037?
4
What is the thousands digit of 3378386?
8
What is the units digit of 281470?
0
What is the hundreds digit of 539205?
2
What is the hundreds digit of 4931655?
6
What is the units digit of 743391?
1
What is the units digit of 233541?
1
What is the millions digit of 14646969?
4
What is the ten thousands digit of 29604732?
0
What is the hundreds digit of 2686054?
0
What is the tens digit of 7046388?
8
What is the ten thousands digit of 5705771?
0
What is the hundreds digit of 1675776?
7
What is the ten thousands digit of 3887276?
8
What is the hundred thousands digit of 1835446?
8
What is the ten thousands digit of 6346775?
4
What is the units digit of 3809461?
1
What is the ten thousands digit of 9825185?
2
What is the units digit of 118693?
3
What is the hundred thousands digit of 5837715?
8
What is the thousands digit of 730249?
0
What is the hundreds digit of 25521906?
9
What is the hundreds digit of 2708679?
6
What is the units digit of 3612921?
1
What is the millions digit of 1298357?
1
What is the units digit of 249687?
7
What is the ten thousands digit of 457495?
5
What is the millions digit of 1802463?
1
What is the hundreds digit of 453518?
5
What is the units digit of 14750965?
5
What is the tens digit of 2392302?
0
What is the hundreds digit of 6497656?
6
What is the units digit of 342337?
7
What is the units digit of 252019?
9
What is the hundred thousands digit of 1144886?
1
What is the tens digit of 2258?
5
What is the ten thousands digit of 561359?
6
What is the millions digit of 2766161?
2
What is the hundreds digit of 316668?
6
What is the units digit of 299540?
0
What is the tens digit of 796342?
4
What is the hundreds digit of 19564451?
4
What is the ten thousands digit of 8377206?
7
What is the ten thousands digit of 2020016?
2
What is the units digit of 119012?
2
What is the ten thousands digit of 676379?
7
What is the units digit of 124345?
5
What is the millions digit of 3848237?
3
What is the thousands digit of 1724405?
4
What is the ten thousands digit of 6380911?
8
What is the thousands digit of 199047?
9
What is the thousands digit of 872028?
2
What is the thousands digit of 537964?
7
What is the tens digit of 175362?
6
What is the tens digit of 320259?
5
What is the tens digit of 13510439?
3
What is the hundred thousands digit of 16304063?
3
What is the ten thousands digit of 49320?
4
What is the ten thousands digit of 1816734?
1
What is the ten thousands digit of 127704?
2
What is the hundred thousands digit of 453471?
4
What is the thousands digit of 65717?
5
What is the units digit of 138438?
8
What is the hundred thousands digit of 601115?
6
What is the thousands digit of 155401?
5
What is the hundreds digit of 201467?
4
What is the thousands digit of 136055?
6
What is the units digit of 284236?
6
What is the tens digit of 1858396?
9
What is the tens digit of 1113022?
2
What is the ten thousands digit of 58780?
5
What is the hundred thousands digit of 150287?
1
What is the hundreds digit of 4045069?
0
What is the units digit of 5391063?
3
What is the ten thousands digit of 635274?
3
What is the thousands digit of 171233?
1
What is the thousands digit of 650635?
0
What is the units digit of 678410?
0
What is the ten millions digit of 33495390?
3
What is the hundreds digit of 487531?
5
What is the ten thousands digit of 1957856?
5
What is the units digit of 15627543?
3
What is the units digit of 778440?
0
What is the hundreds digit of 143118?
1
What is the hundred thousands digit of 240109?
2
What is the ten thousands digit of 244763?
4
What is the millions digit of 16498354?
6
What is the hundreds digit of 456020?
0
What is the thousands digit of 926811?
6
What is the thousands digit of 31188141?
8
What is the tens digit of 1626406?
0
What is the hundred thousands digit of 1082990?
0
What is the units digit of 596697?
7
What is the units digit of 194162?
2
What is the units digit of 2996456?
6
What is the thousands digit of 8807643?
7
What is the hundreds digit of 1414096?
0
What is the hundred thousands digit of 105881?
1
What is the hundred thousands digit of 281125?
2
What is the hundreds digit of 429427?
4
What is the hundred thousands digit of 3541022?
5
What is the tens digit of 241787?
8
What is the hundreds digit of 221083?
0
What is the thousands digit of 1011002?
1
What is the hundred thousands digit of 3319278?
3
What is the thousands digit of 4555109?
5
What is the thousands digit of 142300?
2
What is the hundred thousands digit of 121862?
1
What is the units digit of 128761?
1
What is the thousands digit of 36980?
6
What is the units digit of 3273367?
7
What is the ten thousands digit of 2234911?
3
What is the hundreds digit of 225105?
1
What is the ten thousands digit of 4917810?
1
What is the tens digit of 4862319?
1
What is the units digit of 967713?
3
What is the hundreds digit of 2527653?
6
What is the ten thousands digit of 176610?
7
What is the units digit of 252039?
9
What is the hundreds digit of 1064315?
3
What is the tens digit of 1226452?
5
What is the ten thousands digit of 663030?
6
What is the ten thousands digit of 1305676?
0
What is the ten thousands digit of 401468?
0
What is the hundreds digit of 51173?
1
What is the hundreds digit of 4003012?
0
What is the units digit of 227796?
6
What is the hundreds digit of 24479?
4
What is the hundreds digit of 4057027?
0
What is the thousands digit of 3620769?
0
What is the hundred thousands digit of 587803?
5
What is the hundred thousands digit of 282760?
2
What is the hundreds digit of 59570?
5
What is the millions digit of 7219572?
7
What is the hundreds digit of 7134447?
4
What is the ten thousands digit of 1299084?
9
What is the units digit of 6527767?
7
What is the hundred thousands digit of 280239?
2
What is the hundred thousands digit of 747415?
7
What is the ten thousands digit of 552296?
5
What is the hundred thousands digit of 4984953?
9
What is the thousands digit of 1465534?
5
What is the units digit of 1022054?
4
What is the thousands digit of 10127848?
7
What is the thousands digit of 737493?
7
What is the hundreds digit of 2441019?
0
What is the ten thousands digit of 1428020?
2
What is the thousands digit of 204840?
4
What is the tens digit of 10038358?
5
What is the tens digit of 21999774?
7
What is the hundreds digit of 19455832?
8
What is the tens digit of 2553829?
2
What is the units digit of 2806897?
7
What is the hundred thousands digit of 17413338?
4
What is the ten thousands dig